s the hundreds digit of (209/6 + (-24)/(-16))*3?
1
Let j(i) = i**3 + 5*i**2 - i + 1. Suppose -3*h = 10 - 1, -4*v - 5*h - 35 = 0. What is the units digit of j(v)?
6
Suppose -5*h - 56 = -0*a - a, 8 = -4*h. What is the units digit of a?
6
Let v(x) = x + 1. Let y(p) = 2*p - 10. Let f be y(9). Let c be v(f). Suppose -m = -3*j - 7, -6*j + 3*j + c = 3*m. What is the units digit of m?
4
Suppose 2*n + 6 = 3*c + c, -6 = -c - 4*n. Suppose 4*a - 56 = -c*z + z, 0 = 5*z + 2*a - 208. What is the units digit of z?
0
Let v(o) = 11*o - 14. What is the units digit of v(7)?
3
Suppose 365 = 4*h + 5*a - 558, -479 = -2*h + a. What is the tens digit of h?
3
What is the hundreds digit of (-2)/(-12) + -302*20/(-48)?
1
Let b(p) = -2*p**3 - 3*p**2 + 5*p - 6. What is the tens digit of b(-4)?
5
Let h(q) = 3*q**2 - 13*q - 13. What is the units digit of h(11)?
7
Suppose 3*c + 0*c = 57. What is the units digit of c?
9
Let o(b) = b**3 - 5*b**2 + 4*b + 4. Let x be o(5). Let z = -9 + x. What is the units digit of ((-48)/z)/(2/(-5))?
8
Suppose -5*p + 115 = -3*k, 3*k = -2*p - 3*p + 145. What is the units digit of p?
6
Suppose 2*v - 8 = -4. Suppose -v*g = -0*g - 88. What is the tens digit of g?
4
Let h be (0/3)/(-1 - 1). Suppose -5*r + 0*r = h. Suppose 0*x - 3*x + 30 = r. What is the units digit of x?
0
Suppose -71*d + 79*d = 1680. What is the hundreds digit of d?
2
Suppose 5*b + 5*x = -120, -39 = -5*b - 2*x - 144. Let y = -11 - b. Let o(s) = -s**2 + 9*s - 5. What is the units digit of o(y)?
3
Let h be (4/3)/((-4)/(-6)). What is the tens digit of 15 + h + (-5)/5?
1
Let h be (-4)/(-2)*5/2. Suppose -61 = -4*b - h*w, 0*w - 4*w = 2*b - 32. What is the tens digit of b?
1
Let b = 14 + -12. Suppose 4*t = 3*t. Suppose -b*j + t*q - 3*q = 2, -3*j - 5*q - 4 = 0. What is the units digit of j?
2
Let d(f) = f**2 + 8*f + 3. Let a be d(-9). What is the units digit of (0 - -1) + a/3?
5
Let f(i) = -112*i + 1. What is the units digit of f(-1)?
3
Let v(j) = -17*j + 8. What is the tens digit of v(-7)?
2
Let i(p) = 2 - 1 + 14*p**2 + 0*p + 3*p**2 + p. What is the tens digit of i(-1)?
1
What is the units digit of (12/18)/(10/4065)?
1
Suppose -4*i + 83 = 55. What is the units digit of i?
7
Suppose 4*o = 5*v - 384, 3*o - 130 = -2*v + 42. What is the tens digit of v?
8
Let v = -35 - -59. Suppose -5*f - 16 - v = 0. What is the units digit of (18/f)/(2/(-8))?
9
Let y be -1 + 3 + 0/(-5). Suppose -5*z + 23 = -0*z - y*u, -6 = 2*z + 3*u. What is the units digit of z?
3
Suppose 0*r - 3 = 3*r. Let y = 2 - r. Suppose -4*z + 3*t = -8, 0 = y*z + 5*t - 53 + 18. What is the units digit of z?
5
What is the tens digit of -3 - ((3 - 4) + -90) - 4?
8
Let g(l) = l**3 + 11*l**2 + 10*l + 8. Let y be g(-10). What is the tens digit of (5/(-3))/(y/(-48))?
1
Let r be -2 - -3 - (1 - -4). Let x be (6/r)/(2/(-44)). Suppose y - 12 = -b, -4*b - 3*y + 15 = -x. What is the tens digit of b?
1
Let o = -5 + 10. Suppose -4 = -o*c + 41. What is the units digit of c?
9
What is the units digit of ((-9)/(-6))/((-9)/(-426))?
1
Let i be 3*1*4/(-3). Let v = -4 - i. Let t = 1 + v. What is the units digit of t?
1
Suppose 5*f + i = -3*i - 24, i - 11 = 3*f. What is the units digit of f - 4/(-8)*58?
5
Let w be (-744)/16*2/(-3). Suppose 0 = -4*i + 3*i + w. What is the units digit of i?
1
What is the tens digit of (-98)/(-8) + (25/(-20))/5?
1
Let q(m) = m**3 + 12*m**2 - 3*m - 18. Suppose 3*g - 72 = 5*s, -3*s - g = -2*g + 40. What is the units digit of q(s)?
8
Suppose 5*t - 75 = -5*v, 5*v + 8 = -2*t + 53. What is the units digit of (-4)/(-10) - (-106)/t?
1
Let t be 24/(-11) - (-2)/11. Let n(m) = m - 4. Let b be n(6). What is the units digit of t*(33/(-6) + b)?
7
Let l(i) = -i**2 + 10*i + 4. Suppose 20 = 3*x + 5*y, -x = -0*x - 3*y - 16. What is the units digit of l(x)?
4
Suppose 0 = -f - f. Suppose -3*v + 8*v - 10 = f. What is the units digit of v?
2
Let q = -12 - -15. Suppose 8*f = q*f + 155. What is the units digit of f?
1
Let u = -46 + 65. What is the tens digit of u?
1
What is the tens digit of (-3)/(-3) - 2*-49?
9
Let m(v) = 2*v. Let y be m(2). Let l = 8 - y. What is the units digit of l?
4
Suppose 2*g + g - 15 = 0. Suppose 143 - 16 = 3*o - g*z, -121 = -4*o - 3*z. What is the tens digit of o?
3
Let u(o) = -o**2 - 3*o + 2. Let v be u(-3). Suppose 0 = -v*c + 3*q - 7, -12 = c - 5*q + 9. What is the units digit of c?
4
Let r = -383 + 668. What is the hundreds digit of r?
2
Let z(m) = 2*m + 13. Let h be 2/(-3) - (-10)/15. Let t be z(h). Let i = t + 4. What is the tens digit of i?
1
Suppose -8*v + 3*v + 175 = 0. What is the units digit of v?
5
Let j(b) = 2*b - 6. What is the units digit of j(6)?
6
Let m(h) = 0*h + 2*h - 4*h - 11 + 0. What is the units digit of m(-8)?
5
Let i be -5*2 - (3 + -3). Let k = 15 + i. What is the units digit of k?
5
Suppose -2*t - i + 96 = 0, -3*t - 2*i = 2*t - 239. What is the units digit of t?
7
Let d(a) be the first derivative of a**3 + a**2 + a + 1. Let c(n) = -2*n**2 + 1. Let l be c(1). What is the units digit of d(l)?
2
Suppose 0 = -25*b + 23*b + 62. What is the tens digit of b?
3
Suppose 160 = 6*b - 284. What is the units digit of b?
4
Suppose 3*q - 12 = 2*q + 4*d, 9 = -4*q - 3*d. Suppose -4*b + 5*o + 28 = q, 2*b + o + 0*o = 0. What is the units digit of b?
2
Let r(l) = -3*l**3 - 5*l**2 - 6*l - 2. What is the tens digit of r(-4)?
3
Let o = -35 - -68. What is the units digit of o?
3
Let i = -1 - 1. Let p = i + 18. What is the tens digit of p?
1
Let w(u) be the first derivative of u**3/3 - 5*u**2/2 - 5*u + 2. What is the units digit of w(6)?
1
Let y be (-9)/(12/8 + -2). Let s = y + -8. What is the units digit of s?
0
Let g = 6 - 5. Let v be -1*g/(2/(-24)). What is the units digit of v/(-10)*40/(-6)?
8
Let p = 7 + -12. What is the units digit of (1 + (-18)/15)*p?
1
Suppose f - 2*b + 7*b + 5 = 0, 5*f - 3*b = 59. Suppose 2*t = f + 2. Suppose 2 = t*w - 4*w. What is the units digit of w?
1
Suppose -f - 36 = -111. What is the tens digit of f?
7
Suppose -4*m + 16 = -2*p - 6, 2 = -m - p. Suppose y + 8 = -m*y. Let r = y - -6. What is the units digit of r?
4
Suppose 16 = -4*p + n - 22, 4*n - 44 = 4*p. Let w = -6 - -24. Let l = w + p. What is the units digit of l?
9
Let z = 2 + -1. What is the tens digit of ((-6)/(-12))/(z/26)?
1
Let x = -77 - -211. What is the hundreds digit of x?
1
Suppose -3*v - 3 = 0, 4*v = -s - 6 + 1. What is the units digit of 33/15 - s/(-5)?
2
Let t be 10/(-45) + 7/(-9). Let h = 4 + t. Suppose -3*z + 76 - 12 = -4*v, 2*z = -h*v + 37. What is the tens digit of z?
2
Suppose 0 = 2*k - 3*i - 22, 2*k + 3*i - 2*i - 6 = 0. Let a be (-3)/15*-4*k. What is the units digit of (-13)/(-4) - 1/a?
3
Let t(g) = -3*g**2 + 1. Let f be t(-1). Let l = f - 0. What is the units digit of (15/(-6))/(1/l)?
5
Let b = 20 + -12. Suppose 3*u + b = -13. Let g = 13 + u. What is the units digit of g?
6
Let u = 63 - 24. What is the units digit of u?
9
Suppose 3*z - 296 = -5*y - z, -z + 4 = 0. Suppose 0 = -3*b - 11 + y. Suppose -3*w - b = -8*w. What is the units digit of w?
3
Let n(g) = -g**3 + 7*g**2 - 7*g + 7. Suppose 2 = w - 4. What is the units digit of n(w)?
1
Let q = 7 - 18. Let t = q - -7. Let w(j) = -j. What is the units digit of w(t)?
4
Suppose 3*g + 1 = 4. Let a = g - 1. Suppose a*n = -2*n + 4. What is the units digit of n?
2
Let f = -10 + 11. What is the units digit of (5 + f/1)/1?
6
Let f(p) = p + 11. What is the units digit of f(-4)?
7
Let h(t) = t + 2. Let w be h(-3). Let o = w + 11. What is the units digit of o?
0
Let b be (-3)/((-3)/8) + 0. Let o = 1 + b. Let d = 2 + o. What is the units digit of d?
1
Suppose 0 = 2*c + 4*i, -5*c + 13 = -2*i - i. Let a(v) = 2*v**3 + c*v - 2*v**3 - 4 + v**3 - 2*v**3 - 3*v**2. What is the units digit of a(-4)?
4
Let i(q) = -q**3 - 3*q**2 - 4*q - 3. Let u be i(-2). Let r(d) = -2*d - 9. Let h(w) = -w - 4. Let t(m) = -9*h(m) + 4*r(m). What is the units digit of t(u)?
1
Let u(m) = -m**3 + m + 4. What is the tens digit of u(-3)?
2
Let x(f) = f**2 - 5*f - 4. What is the tens digit of x(-5)?
4
Suppose -d + 6*d = 25. Suppose d = 2*v + 5*y, -v - 4*y = 2*v - 4. Suppose v = -2*c - 5*x + 31, c + 0*x + x - 17 = 0. What is the tens digit of c?
1
Let l(d) = d**3 - 11*d**2 + 11*d + 8. Let r be l(10). Let f = 13 + -23. Let s = r + f. What is the units digit of s?
8
Let u(d) = 24*d**3 + d**2 + d. Let a be u(-1). Let 